l - 336 = 0. What is the highest common factor of l and 72?
24
Suppose 2*z = 2*l + 23978, -4*l = 8*z - 10*z + 23980. Calculate the greatest common factor of z and 148.
148
Let q(d) = 29*d - 3. Let v be q(2). Let a be (-7 - -20) + 51/(-2 + -15). What is the highest common factor of v and a?
5
Suppose -3*w + z + 2400 = 5*z, 0 = w - 3*z - 800. Calculate the highest common divisor of w and 25.
25
Let t(v) = 9*v**2 + 14*v + 10. Let m be t(-4). What is the highest common divisor of 1148 and m?
14
Let m(y) = -9*y**3 - 6*y**2 - 44*y - 162. Let b be m(-6). What is the greatest common factor of 120 and b?
30
Let k = -4 + 9. Let n be (k/2)/(11 - (-261)/(-24)). What is the greatest common factor of n and 55?
5
Let j be 35/(-14)*162/(-45)*49. Let z = 0 + 9. What is the greatest common divisor of z and j?
9
Let g be (80/24)/((-10)/(-45))*15. Let z be 84/10 - 6/(-10). What is the highest common divisor of z and g?
9
Let f = -16953 + 17333. What is the greatest common factor of 15770 and f?
190
Let y be (-49)/(-4) + 6/((-144)/6). Suppose 1253 - 449 = y*s. Calculate the highest common factor of 536 and s.
67
Let w(h) = h - 13. Let z be w(23). Suppose 3*v + 5*o = 6*v - 88, -5*v = -3*o - 120. Let y = -1 + v. Calculate the greatest common factor of y and z.
10
Let p = 1563 + -893. Let m = p + -590. Calculate the highest common divisor of m and 10.
10
Let a be 10782 + (-5 - (5 - 17) - (-27)/(-3)). What is the greatest common divisor of 220 and a?
220
Let u be (-6)/4 + (14/(-4) - 7). Let y be (u - -15)/(2 + -1). Let t = -2 + 4. Calculate the highest common divisor of t and y.
1
Let t(k) = 2*k**2 + 4*k + 2. Let x be t(-4). Let b(z) = -9083*z + 54506. Let y be b(6). What is the highest common divisor of x and y?
2
Suppose -244238 = -44*i - 66918. What is the greatest common factor of i and 93?
31
Suppose 4*i - 70 + 22 = 0. Let n = 115 + 59. Suppose 594 = 8*g - n. Calculate the greatest common factor of g and i.
12
Let r = -5829 - -7173. What is the highest common divisor of 525 and r?
21
Suppose 416*d - 1134 = 395*d. Calculate the greatest common factor of 3069 and d.
9
Let j = -6 + 8. Let a be (1 - -18) + j + -8. What is the greatest common divisor of 117 and a?
13
Suppose 0 = -15*w + 1488 + 537. Suppose -3*o + 1233 + w = 0. Calculate the highest common divisor of o and 38.
38
Let m be 3/(-6) - 326/(-4). Let h be (-9594)/(-546) - 9/(-21). Calculate the greatest common factor of h and m.
9
Suppose 3*x - 69*v - 2937 = -68*v, 968 = x - 4*v. Calculate the greatest common divisor of x and 35.
35
Let l(k) = k**2 - 3*k + 6. Let x be l(6). Let t be (-146)/(-18) - (-5 + 276/54). Calculate the highest common factor of x and t.
8
Suppose -23 = -2*q + 19*l - 18*l, -4*l = 28. What is the highest common factor of q and 4196?
4
Let v(b) = 2*b**2 - 19*b - 465. Let c be v(-25). What is the greatest common divisor of c and 15?
15
Let o = -4879 + 4883. Calculate the highest common factor of o and 139.
1
Let k(i) = i**2 + 14*i - 46. Let w be k(-17). Let c(j) = 3*j**2 + 7*j**2 - 4*j + 5 - 8*j**2. Let g be c(w). Calculate the highest common factor of 14 and g.
7
Let v be (10/(-3) - (-112)/28)*96/8. Calculate the highest common divisor of v and 2752.
8
Suppose 0 = -86*h + 592 + 698. Calculate the greatest common divisor of h and 135.
15
Let w(x) = 2*x**2 - 5*x - 7. Suppose -9 = -0*g - 3*g, -5*g + 130 = 5*p. Suppose 2*q - p = -5. Let b be w(q). Calculate the highest common divisor of b and 10.
10
Let m be (-549)/(-21) - 1/7. Suppose u = -u - 5*y + 478, 0 = 2*u + 3*y - 474. Calculate the highest common divisor of m and u.
26
Suppose 22 = s - 46. Let i be 185/30 - (3 - s/24). Calculate the greatest common divisor of i and 10.
2
Suppose -4*j = -g - 112 - 84, 0 = 4*j - 3*g - 188. Calculate the highest common divisor of j and 140.
10
Let s(y) = -y**3 - 3*y**2 - 8*y - 6. Let a be s(-6). Suppose 13*i - 41 = 349. Calculate the greatest common divisor of a and i.
30
Let z be 5 - (-15)/5 - (7 + -2). Suppose 0 = -5*r + h + 95, z*r + 2*h - 110 = -2*r. Calculate the greatest common factor of 90 and r.
10
Suppose -9*q = 35*q - 10164. Suppose 29*r = 28*r + 33. Calculate the greatest common factor of r and q.
33
Let q be (16/(-5))/(14/(-35)). Suppose 3*c - 4*b = 16, 2*c + 4*b = c - 16. Let y be (c + 21)*q/6. What is the highest common factor of 4 and y?
4
Suppose 0 = -2454*c + 2442*c + 120. What is the highest common factor of 2110 and c?
10
Let d be (-160)/(-6)*(2 - -4). Let i be 105/(-4)*(-120)/105. What is the greatest common factor of i and d?
10
Suppose m = f - 23, 4*f - 5*m - 94 = -2*m. Let u(d) = d**3 - 2*d**2 + 2*d - 2. Let w be u(3). Let t = -8 + w. Calculate the greatest common factor of f and t.
5
Suppose -11 + 1 = -2*z. Suppose -5*r + r = 8, -2*f + z*r - 8 = 0. Let o = 12 - f. What is the greatest common factor of 231 and o?
21
Suppose -5*d + 220 = -2*n + 3*n, n - 220 = 4*d. Let j be (-8)/(-40) - (-99)/5. What is the greatest common divisor of j and n?
20
Suppose -3023*x = -3033*x + 4160. What is the highest common factor of x and 182?
26
Let x = -633 - -1460. Suppose 44*c - x + 255 = 0. Calculate the greatest common divisor of c and 104.
13
Suppose -5*q + 43 + 57 = 0. Suppose -59 - 18 = t. Let a be t/(-5) + 48/(-20) + 2. Calculate the highest common divisor of a and q.
5
Suppose w = -4*q + 81, -q + w + 44 = 6*w. Suppose x - q + 7 = 0. Let l = -3192 - -3210. What is the highest common factor of l and x?
6
Let v(a) = -a**2 - 11*a - 4. Let h be v(-7). Suppose 31*k = 9*k + 261 + 1499. Calculate the highest common divisor of k and h.
8
Let h(s) = -s**3 + 10*s**2 + 11*s + 6. Suppose -o = -6 - 5. Let f be h(o). Let j = 8916 + -8901. Calculate the greatest common factor of j and f.
3
Let t be 6*(-35)/(-42) + 13. Let y = -4 - -7. Suppose -y*r - m = -7*r + 26, 8 = 2*r + 2*m. What is the highest common factor of t and r?
6
Let b = -4088 - -4112. What is the greatest common factor of b and 156?
12
Let f = -4856 + 12497. What is the greatest common divisor of 54 and f?
27
Let w be (96/56)/((-28)/(-196)). Let u be 12/(-10)*140/(-6). Calculate the greatest common divisor of w and u.
4
Let j(y) = -32*y - 704. Let q be j(-29). What is the greatest common divisor of 70 and q?
14
Let w be 75 - (0/6 - -3). Let p = w + -52. Suppose 3*h - 5 = 7. What is the greatest common factor of h and p?
4
Let g be -138 - 2*(3 - 5). Let i be (-2)/3*1*8040/g. Calculate the highest common divisor of i and 760.
40
Suppose -24*b + 20 = -148. Let o(x) = 5*x**2 + 9*x - 100. Let n be o(b). Calculate the highest common divisor of n and 128.
16
Let j be (-44)/7 + 2/7. Suppose 739*v = 732*v - 35. Let w be (j - 32/v)/(1/30). What is the greatest common factor of w and 9?
3
Let p be 1*-295*(-5)/25. Suppose 2*a + p = 87. Suppose -64*w + 210 = -58*w. Calculate the greatest common factor of w and a.
7
Let f(s) = -s**3 + 72*s**2 - 112*s - 1915. Let m be f(70). Suppose -2*b - t = 2*t - 132, -3*b = 2*t - 188. What is the highest common divisor of b and m?
15
Let m(d) = 40*d**2 - 63*d - 106. Let y be m(-4). Calculate the greatest common factor of 4978 and y.
262
Let p(k) = 6*k**3 - 6*k + 0*k + 64 - 61. Let h be p(3). Suppose 89 = 9*w - 100. What is the highest common divisor of w and h?
21
Suppose 480 = 39*v - 34*v. Let i(h) = -h**2 + 6*h - 5. Let n be i(4). Suppose -o + 49 = 4*u, 14 = u + n*o - o. Calculate the highest common factor of u and v.
12
Let j be (302 + (-20)/4)*(-5 + 8 + -2). What is the greatest common factor of j and 11?
11
Let u(d) = 4*d + 352. Let w be u(-18). Calculate the greatest common divisor of 360 and w.
40
Let r(a) be the third derivative of a**5/60 - a**4/24 + 22*a**3/3 + 63*a**2. Let x be r(0). What is the highest common divisor of 176 and x?
44
Let k = 120 - 121. Let d(q) = -39*q - 4. Let l be d(k). What is the greatest common divisor of l and 280?
35
Let z = -143 + 149. Let m(y) = 5*y - 26. Let l be m(13). What is the highest common divisor of l and z?
3
Suppose 5*f - b = 167, -4*b + 0 = 8. Suppose 28*t - f*t = -50. Let q = 109 + -69. Calculate the greatest common factor of t and q.
10
Let r = 589 + -515. What is the greatest common factor of r and 1221?
37
Let g(s) = -6*s**2 - 2*s. Let t be g(-2). Let l be t/(2/(-2*1)). Suppose -649 + 229 = -61*f - 143 + 3993. Calculate the greatest common divisor of f and l.
10